he greatest common factor of 588931 and 10949309.
12019
What is the greatest common divisor of 23310810 and 10?
10
What is the greatest common factor of 47495200 and 200?
200
Calculate the highest common divisor of 1454984 and 6.
2
What is the greatest common divisor of 81694319 and 133?
133
What is the highest common factor of 4121004 and 408?
204
What is the highest common factor of 12840652 and 188?
4
What is the highest common divisor of 19339 and 2354465?
233
Calculate the greatest common factor of 283135178 and 58.
58
What is the greatest common divisor of 14 and 41040552?
14
Calculate the greatest common factor of 4418704 and 52841.
997
What is the highest common divisor of 4891575 and 8320?
65
What is the greatest common factor of 3654945 and 26319?
849
What is the greatest common divisor of 248127 and 191917?
803
What is the highest common factor of 11648 and 1130752?
896
Calculate the greatest common divisor of 513630 and 611910.
1170
Calculate the highest common factor of 452000 and 6176.
32
What is the highest common factor of 26155040 and 20?
20
Calculate the highest common factor of 480244 and 3124.
284
Calculate the highest common divisor of 19611979 and 2004.
167
What is the highest common factor of 377907558 and 105?
21
What is the greatest common factor of 1407 and 21063?
21
Calculate the highest common factor of 957116 and 2605244.
4292
What is the highest common factor of 14178258 and 184?
46
What is the greatest common divisor of 367250 and 87250?
250
What is the highest common divisor of 599976 and 58968?
936
What is the greatest common divisor of 33592 and 260787293?
4199
What is the highest common divisor of 2262 and 371586657?
1131
Calculate the highest common divisor of 60 and 6219615.
15
Calculate the highest common factor of 2516308 and 79.
79
Calculate the greatest common factor of 1975 and 285600.
25
Calculate the greatest common factor of 8897 and 82902.
41
What is the highest common divisor of 18664 and 157?
1
Calculate the greatest common factor of 16 and 2369336.
8
What is the highest common factor of 1147868 and 930?
62
What is the highest common factor of 42777 and 93688?
49
What is the greatest common factor of 224 and 131140576?
224
What is the highest common divisor of 703032 and 229944?
264
What is the highest common divisor of 7018 and 7184518?
638
Calculate the greatest common divisor of 258698566 and 55888.
6986
What is the highest common divisor of 108373489 and 217?
217
Calculate the greatest common divisor of 8667 and 95229.
27
Calculate the highest common factor of 186624 and 164592.
1296
Calculate the highest common factor of 16875 and 166275.
225
What is the highest common divisor of 24115 and 8498497?
371
Calculate the greatest common factor of 156570 and 11985.
255
Calculate the highest common divisor of 992 and 1642318.
62
Calculate the greatest common factor of 116 and 394975592.
116
What is the highest common factor of 232763 and 5891?
137
Calculate the greatest common divisor of 6099 and 15173670.
321
What is the greatest common factor of 1035 and 18871983?
207
What is the highest common factor of 5 and 3498595?
5
Calculate the highest common divisor of 90996181 and 89.
89
What is the greatest common factor of 1208 and 42104?
8
Calculate the highest common factor of 3348181 and 110305.
1697
Calculate the greatest common divisor of 1145144 and 812.
28
What is the highest common factor of 60 and 26148372?
12
Calculate the highest common divisor of 3544045 and 5180.
185
What is the greatest common divisor of 1144 and 6426823?
13
Calculate the highest common factor of 289445 and 986050.
65
What is the highest common factor of 59 and 41534407?
59
Calculate the highest common divisor of 149 and 10112183.
149
Calculate the highest common factor of 44668 and 884.
52
Calculate the highest common factor of 141184 and 14496.
32
Calculate the greatest common divisor of 135 and 21164112.
27
Calculate the highest common factor of 26469 and 30906.
153
What is the greatest common divisor of 26282661 and 1179?
393
Calculate the greatest common divisor of 55536000 and 480.
480
What is the highest common divisor of 44370823 and 686?
343
Calculate the highest common factor of 15747747 and 4020.
201
What is the highest common divisor of 18595644 and 10857?
141
Calculate the highest common divisor of 1439418 and 193548.
762
Calculate the highest common divisor of 15521 and 135456.
1411
Calculate the highest common divisor of 21 and 244372681.
7
What is the greatest common factor of 44944 and 9136?
16
Calculate the greatest common divisor of 2115744155 and 865.
865
Calculate the highest common factor of 12108130 and 2660.
190
Calculate the greatest common divisor of 34639 and 17196421.
737
What is the greatest common divisor of 5764 and 4360728?
524
What is the greatest common factor of 1344 and 3543008?
224
What is the highest common factor of 768 and 42544896?
768
What is the greatest common divisor of 11958444 and 132?
12
What is the greatest common divisor of 151060 and 460460?
1820
What is the highest common divisor of 9166097 and 4593?
1531
What is the highest common divisor of 492954 and 31206?
42
What is the greatest common divisor of 941660 and 145?
5
What is the highest common divisor of 16917152 and 64?
32
What is the highest common factor of 10090033 and 73427?
727
Calculate the greatest common factor of 312 and 2981400.
24
Calculate the greatest common divisor of 109086470 and 20.
10
What is the highest common divisor of 48161459 and 17?
17
Calculate the greatest common divisor of 89984 and 6024064.
2432
Calculate the highest common divisor of 119048302 and 51472.
6434
Calculate the highest common divisor of 359020245 and 28180.
7045
What is the highest common factor of 2798837 and 12?
1
What is the highest common divisor of 3648 and 703168?
64
Calculate the highest common factor of 7 and 5293771.
7
What is the greatest common divisor of 1940287 and 2504?
313
What is the greatest common divisor of 410624 and 453130?
802
What is the greatest common factor of 47495127 and 167620?
8381
What is the greatest common divisor of 3473 and 6920481?
151
What is the highest common divisor of 20417 and 328032?
17
Calculate the highest common divisor of 282538902 and 141.
141
Calculate the highest common factor of 119169 and 24597.
9
What is the highest common divisor of 3642368 and 29440?
256
What is the highest common factor of 260 and 16513705?
65
What is the highest common factor of 4364440 and 5640?
40
What is the highest common factor of 43234471 and 1057?
1057
What is the greatest common divisor of 4990 and 73633438?
998
What is the greatest common factor of 133138 and 10?
2
What is the greatest common divisor of 4344 and 187501520?
1448
What is the greatest common factor of 424050209 and 58?
29
What is the greatest common divisor of 108 and 157447692?
108
What is the highest common factor of 39867 and 459361?
137
Calculate the greatest common divisor of 98150 and 109500.
50
What is the greatest common factor of 5 and 12506995?
5
Calculate the greatest common divisor of 30 and 12904995.
15
Calculate the greatest common divisor of 159 and 16440441.
159
Calculate the highest common factor of 14950 and 306215.
65
Calculate the highest common factor of 8643538 and 13202.
1886
Calculate the highest common factor of 9332 and 119988523.
2333
Calculate the highest common divisor of 456560208 and 1248.
624
Calculate the highest common divisor of 64 and 11491268.
4
Calculate the highest common factor of 136 and 11863535.
17
What is the greatest common divisor of 70171 and 517?
47
Calculate the highest common factor of 3753 and 3539295.
27
What is the highest common divisor of 22837 and 150698021?
557
What is the greatest common factor of 1400704 and 91904?
128
Calculate the greatest common divisor of 26514128 and 236.
236
Calculate the highest common divisor of 8762260 and 526620.
1340
What is the greatest common factor of 585646980 and 180?
60
What is the highest common divisor of 242515584 and 9216?
1152
What is the highest common factor of 14328 and 83016?
72
Calculate the greatest common factor of 2 and 8410286.
2
Calculate the highest common divisor of 20652867 and 16891.
2413
Calculate the highest common 